s of m(-19)?
241
Suppose 0 = -5*n - 0*n - 25. Let g = n - -7. Suppose -5 = -4*l + 3*l + 2*t, 0 = -3*l - g*t + 15. What are the prime factors of l?
5
Suppose -p = 5*k + 4 - 69, 2*p - 121 = -k. What are the prime factors of p?
2, 3, 5
Let k = -530 + 742. What are the prime factors of k?
2, 53
Let k = -209 - -361. List the prime factors of k.
2, 19
Let g be -2 - (-2 - -2) - 4. Let f(v) = -v**3 - 6*v**2 - 2*v + 2. List the prime factors of f(g).
2, 7
Suppose -3*g + 4*g = 2, -4*g + 153 = 5*u. What are the prime factors of u?
29
Let t(d) = 17*d**2 + 4*d + 4. List the prime factors of t(-2).
2
Let l(i) = -7*i**3 - i**2 - i - 1. Suppose 4*j - 3 + 7 = 0. List the prime factors of l(j).
2, 3
Let n be 27/6 - 2/4. Suppose -2 = -2*x + n*d, -4*x - 5*d + d + 28 = 0. What are the prime factors of x?
5
Let d = 13 - -14. Suppose 4*u + 11 = -5*t + d, 2 = t + 2*u. What are the prime factors of t?
2
Let y(q) = -q**2 + 1. Let z be ((-1)/3)/(1/(-3)). Let h be y(z). Suppose h = -2*x + 6. What are the prime factors of x?
3
Suppose -4*r = -a - 413, -4*r + 407 = -a - 2*a. List the prime factors of r.
2, 13
Let n = 34 + -13. Let t = 55 - n. List the prime factors of t.
2, 17
Let s(w) be the second derivative of -11*w**5/10 - w**4/6 - w**3/3 - w**2/2 + 6*w. List the prime factors of s(-1).
3, 7
Let g be (-7)/21 + 7/3. Suppose -v + 2*v = -g*n + 11, v = 3*n + 1. What are the prime factors of v?
7
Let c = -16 - -22. Let u = 11 - c. Suppose -u*f + 3*h + 50 = 4*h, -5*f + h + 40 = 0. List the prime factors of f.
3
Suppose -a = -5*a + 8. Suppose 0 = -c - 3, a*r + c - 117 = -3*r. What are the prime factors of r?
2, 3
Let x be -4 + 3 + (3 - -2). Let p be (-1)/(2/x*-1). Suppose 0 = 2*w - t - 7, -p + 17 = 4*w - t. What are the prime factors of w?
2
Suppose 0 = 3*f - 3*w - 129, 0 = 2*f - 0*w + 5*w - 93. Let o = -17 + f. List the prime factors of o.
3
Let p(w) be the third derivative of 0*w**4 - 1/3*w**3 + 0 + 1/20*w**5 + 3*w**2 + 0*w. What are the prime factors of p(2)?
2, 5
Let y be 5 + -2 + -3 + 2. Suppose 0 = -3*g - y*q + 15, -5*q + 1 = -g + 6. Suppose -5*o = g*f - 40, 5*f - 3*o - 42 = -6*o. What are the prime factors of f?
3
Suppose -28 = -5*k + 3*k. List the prime factors of k.
2, 7
What are the prime factors of 1338/9 + 2/(-3)?
2, 37
Let t be 20/6*(-2 + -1). Let o = t - -13. What are the prime factors of (o - 0) + 0 + 4?
7
Let j = 14 - 9. Suppose 0*d + 15 = d. Suppose -2*g - g + 9 = h, -d = -j*g - 4*h. What are the prime factors of g?
3
Suppose 2*a + 0*a = 4. Let f be a*(2 + 5/2). Let b = 13 - f. List the prime factors of b.
2
Let x(h) = h**3 - 6*h**2 - 5*h - 10. Let d be x(7). Suppose 2*o - 90 = -d*y, y + 2*y = -5*o + 64. List the prime factors of y.
23
Let z = 23 - 0. Suppose -5 = -4*i + z. List the prime factors of i.
7
Let u be 3/(-2)*(-32)/8. Suppose -55 = -c - 3. Suppose u*n - c = 2*n. List the prime factors of n.
13
Let x(k) = k**2 - 7*k + 7. Let g be x(5). Let y = g + 10. List the prime factors of y.
7
Let c(i) = i**2 - 11*i - 15. Let l(r) = 2*r**2 - 5*r + 1. Let g be l(4). List the prime factors of c(g).
11
Suppose -h + 0*h = 12. List the prime factors of h*(1 - (-9)/(-4)).
3, 5
Let t(y) = y**3 + 3*y**3 + 8*y**2 - 5 - 5 - 4*y - 3*y**3. List the prime factors of t(-8).
2, 11
Suppose 4*m - 2 - 2 = -4*y, -m + 1 = -y. Suppose -2 = -y*i + i + 2*g, 0 = 3*g + 9. What are the prime factors of i?
2
List the prime factors of -5 - -5 - -4 - -280.
2, 71
Suppose -3*o + 5*o + 2 = 0, -859 = -3*u + 4*o. What are the prime factors of u?
3, 5, 19
Let s be -2 - (-83 - (-2 - 1)). Suppose 0*h - 60 = -4*h + 4*v, -5*h + 2*v = -s. List the prime factors of h.
2
Let v = 87 - 35. What are the prime factors of -1 - (-3 - (-2 + v))?
2, 13
Let l be (3 - 3) + -3 + 5. List the prime factors of l - (6/(-3) + -8).
2, 3
Let b(t) = t**2 - 4*t + 6. Let y be ((-2)/10 + 1)*5. What are the prime factors of b(y)?
2, 3
Suppose -z + 1 = -1. Suppose -z*a - a = -39. List the prime factors of a.
13
Suppose 3 = 3*z, -6*z - 293 = -2*f - z. What are the prime factors of f?
149
Let c = 75 + -33. List the prime factors of c.
2, 3, 7
Let s(g) = -g**2 - 3*g. Let w be s(-3). Suppose -5*c + 4*d + 67 = w, -83 = -5*c - 5*d + d. List the prime factors of c.
3, 5
Let y = 9 - 7. Let j be 90/(-27)*3/y. What are the prime factors of 24/40 + (-57)/j?
2, 3
Let n = 22 + -33. Let i = 1 - n. List the prime factors of i.
2, 3
Let x(b) = -4*b + 31. List the prime factors of x(7).
3
Let n be (-90 - -3)*(-2)/(-6). List the prime factors of -2 + 1 - n - -3.
31
Suppose u + 135 = 6*u. What are the prime factors of u?
3
Let a be 1 + -1 + 0 + 4. Let f = a + -6. What are the prime factors of (-20)/f + -1 + 2?
11
Let y = 3 + -3. Suppose -4*l + 3*i + 18 = y, 0*i - 2 = i. Suppose 0 = 2*j - l*w + 2*w - 19, -5*w = j + 7. What are the prime factors of j?
2
Let o(q) = q**3 + 7*q**2 - 2*q + 1. List the prime factors of o(-7).
3, 5
What are the prime factors of 2/4*1*(446 + -74)?
2, 3, 31
Suppose n = -4*i + 77, -3*i + 13 = -2*i - n. What are the prime factors of i?
2, 3
Let k(n) = n + 4. Let s(w) = -w**3 - 2*w**2 + 4*w. Let q be s(-3). Let v be k(q). What are the prime factors of (8 + 2 + 1)/v?
11
Let y = -86 + 136. What are the prime factors of y?
2, 5
Suppose -401 - 427 = -6*w. What are the prime factors of w?
2, 3, 23
What are the prime factors of 38*1/1 + 1?
3, 13
Suppose 6 = 3*f - 4*k - 19, -k = 4. Suppose 0 = -0*j - 3*j + 90. Suppose -j = -4*o - 2*b, o + 3*o = -f*b + 27. What are the prime factors of o?
3
Suppose -q = 2*p - 136, 4*q + 24 - 544 = -2*p. List the prime factors of q.
2
Suppose -j = 2 - 1. Let u(v) = -6*v - 1. Let l be u(j). Let o = 3 + l. What are the prime factors of o?
2
Let l be (-18)/8*8/(-3). Suppose -l*w + 9*w - 72 = 0. What are the prime factors of w?
2, 3
Let m be ((-4)/(-10))/((-4)/(-100)). Suppose -c + m = -5. What are the prime factors of c?
3, 5
Let m = 1 - 1. Suppose 2*q = -2*n + 4, 3*q = -m*q - 5*n. List the prime factors of q.
5
Suppose 0*n - z + 43 = 2*n, -2*n + 40 = -2*z. What are the prime factors of n?
3, 7
Let x(k) = -3*k + 26. List the prime factors of x(-28).
2, 5, 11
Let x(o) be the third derivative of -1/6*o**3 - 1/6*o**4 - o**2 + 0*o + 0. What are the prime factors of x(-5)?
19
Let h(v) = -v**3 - 12*v**2 - 12*v + 7. Let k be h(-11). Suppose -3 = -3*g, i + 0*i + 8 = -g. Let d = i + k. List the prime factors of d.
3
Let p(c) = -2*c + 1. Let a be p(-3). Suppose -h + 8 = -a. Let s = -7 + h. List the prime factors of s.
2
Suppose 6*y - y - 35 = 0. Suppose 3 = 2*i - y. List the prime factors of i.
5
Let r = -48 - -70. Suppose y - 4*s = r, -y + 0*s = s - 7. List the prime factors of y.
2, 5
Let t be 2/(-2) - 4/2. Let u = t + 6. List the prime factors of (-3)/(0 + (-1)/u).
3
What are the prime factors of (-519)/6*-2 + -3 + 7?
3, 59
Let z = -42 - -89. What are the prime factors of z?
47
Suppose 3*o - 1 = -4*j - 0*o, 2*j + 2 = -2*o. Let z(d) = 2*d**2 - 4*d - 4. What are the prime factors of z(j)?
2, 3
Let m(x) = -16*x**2 + 20*x - 46. Let s(j) = 3*j**2 - 4*j + 9. Let p(n) = -2*m(n) - 11*s(n). Let i be p(5). Let r = i + 20. List the prime factors of r.
2
Suppose -y + 8 = 3. List the prime factors of y.
5
Let g(x) = 2*x**2 - 34*x - 24. List the prime factors of g(21).
2, 3
Let y(m) = -15*m + 12. What are the prime factors of y(-10)?
2, 3
Let i be (-2 + 1)/(2/(-12)). Suppose 3*r - i*r + 15 = 0. Suppose 0*z + 15 = r*z. List the prime factors of z.
3
Suppose -5*a + 37 = -2*r + 2, 25 = -4*r + a. Let s = 8 + r. List the prime factors of s + 1/(-1) + 4.
2, 3
Let w = -6 - -10. Suppose -h + 18 = -3*n + 6*n, 0 = -3*n - w*h + 18. List the prime factors of n.
2, 3
Suppose -4 + 0 = u. List the prime factors of -2*-2*(-11)/u.
11
What are the prime factors of (-2)/4*(10 - 182)?
2, 43
Suppose 4*r + r - 45 = 0. Suppose 0 = 7*l - r*l + 10. What are the prime factors of l?
5
Suppose -5*s + 117 = -3*d - 66, 0 = -2*d - 2. List the prime factors of s.
2, 3
Suppose -j + 3*j = 0. Let f be j - 2 - 1 - -7. Suppose -f + 16 = 4*w. List the prime factors of w.
3
Suppose -288 = -4*j - 5*g, -164 - 84 = -4*j + 5*g. What are the prime factors of j?
67
Let s(f) be the second derivative of -f**4/12 - f**3 + 3*f**2 - f. Suppose 8 + 2 = -2*d. List the prime factors of s(d).
11
Let y(z) = -3*z + 62. List the prime factors of y(0).
2, 31
Suppose 1 = f - 